*c**2 + 10*c + 30. Give x(19).
-141
Let z(a) = 580*a + 19. Determine z(0).
19
Let h(p) = 5801*p - 34812. Calculate h(6).
-6
Let r(u) = 8*u**3 + 2*u**2 + 11*u + 12. Calculate r(-1).
-5
Let v(h) = h**3 + 2*h**2 + 231*h - 729. Give v(3).
9
Let n(i) = -12*i**3 - 2*i**2 - 33*i - 68. Give n(-2).
86
Let c(o) = -1074*o + 2171. What is c(2)?
23
Let d(s) = -s**3 + 40*s**2 - 75*s - 46. Give d(38).
-8
Let h(j) = 3*j**2 + 10*j - 191. Give h(-10).
9
Let q(j) = -7*j - 33. Calculate q(5).
-68
Let p(j) = 541*j**2 - 5953*j - 7. Calculate p(11).
-29
Let j(v) = v**3 + 29*v**2 - 4*v - 46. Calculate j(-29).
70
Let s(a) = -2*a + 14. What is s(-5)?
24
Let h(o) = -2*o**3 - 14*o**2 - 8*o - 31. Calculate h(-5).
-91
Let h(z) = -z**3 - 38*z**2 + 54*z + 198. What is h(-39)?
-387
Let s(p) = -161*p**2 - 167*p - 1. Calculate s(-1).
5
Let m(z) = 97*z - 681. What is m(7)?
-2
Let d(z) = -86*z - 2767. What is d(-32)?
-15
Let w(j) = 33*j**3 + 3*j**2 + 5*j + 1. What is w(-1)?
-34
Let w(a) = 485*a - 8720. What is w(18)?
10
Let k(c) = -2*c**2 - 32*c - 19. Calculate k(-20).
-179
Let m(f) = -2*f**2 - 2*f + 19. Determine m(4).
-21
Let n(j) = -j - 51. Calculate n(8).
-59
Let v(h) = -h**2 - 77*h + 1367. What is v(15)?
-13
Let l(f) = -44*f**2 - 100*f - 4. Give l(-2).
20
Let g(y) = -y**3 + 15*y**2 + 25*y - 129. Determine g(16).
15
Let h(v) = v**3 - 33*v**2 + 89*v + 21. Determine h(30).
-9
Let l(n) = -2*n**2 + 443*n - 20761. Give l(154).
29
Let j(w) = -21*w + 878. What is j(36)?
122
Let y(c) = 144*c + 20025. What is y(-139)?
9
Let j(d) = -d**3 - 246*d**2 + 2556*d - 1020. Determine j(-256).
4
Let d(v) = 94*v - 1198. Calculate d(13).
24
Let j(k) = -k**3 - 24*k**2 - 131*k + 156. Determine j(-13).
0
Let j(p) = 6*p**2 + 37*p + 40. Calculate j(-5).
5
Let u(j) = 5*j**3 - 84*j**2 + 61*j + 30. Calculate u(16).
-18
Let n(y) = -2298*y + 11511. Give n(5).
21
Let h(a) = -5*a**2 - 156*a + 110. Determine h(-30).
290
Let n(t) = -65*t + 722. Determine n(12).
-58
Let s(o) = 260*o + 1911. What is s(-7)?
91
Let h(w) = -6*w**3 - 211*w**2 - 75*w - 1403. What is h(-35)?
-3
Let w(x) = 150*x - 451. Give w(3).
-1
Let p(i) = -i**2 - 38*i - 154. What is p(-33)?
11
Let l(s) = 89*s + 648. Give l(-8).
-64
Let o(d) = 5*d**2 - 13*d - 2. What is o(6)?
100
Let u(g) = 9*g**3 - 736*g**2 - 164*g + 8. Calculate u(82).
8
Let u(k) = 1180*k + 92040. Determine u(-78).
0
Let g(v) = -20*v**3 - 10*v**2 + 22*v - 13. What is g(1)?
-21
Let q(l) = -6*l**2 + 145*l - 942. What is q(7)?
-221
Let w(h) = -497*h - 19387. Determine w(-39).
-4
Let o(u) = u**3 - 38*u**2 - 85*u + 175. Determine o(40).
-25
Let m(r) = r**2 - 46*r + 131. What is m(39)?
-142
Let u(t) = -t**3 - 37*t**2 + 6*t. Calculate u(0).
0
Let f(d) = -142*d + 63. What is f(1)?
-79
Let f(i) = -154*i - 5640. Give f(-37).
58
Let h(i) = 40*i + 7241. Determine h(-181).
1
Let n(b) = b**3 + 56*b**2 + 346*b + 140. Calculate n(-49).
-7
Let n(c) = 9*c**3 - 86*c**2 - 33*c + 10. Give n(10).
80
Let c(u) = -8*u + 363. Give c(35).
83
Let i(n) = -n**2 + 733*n + 6673. Give i(-9).
-5
Let u(q) = -q**3 + 93*q**2 + 97*q - 312. Give u(94).
-30
Let r(d) = 8716*d - 339929. Give r(39).
-5
Let i(o) = o**3 - 2*o**2 - 59*o + 12. Give i(-7).
-16
Let b(a) = -14*a**2 - 16*a + 77. Determine b(5).
-353
Let b(z) = 10*z**2 - 70*z + 14. Determine b(7).
14
Let g(l) = -8*l**2 + 78*l - 19. What is g(7)?
135
Let z(b) = 83*b + 6967. Calculate z(-84).
-5
Let d(l) = 183*l + 5202. Calculate d(-27).
261
Let d(j) = -14*j - 24. Determine d(-3).
18
Let v(x) = 188*x + 1476. Give v(-8).
-28
Let m(o) = -36*o**2 + 7*o - 23. What is m(-3)?
-368
Let a(t) = -3905*t + 78088. Determine a(20).
-12
Let j(c) = -13*c**2 - 180*c + 20. What is j(-14)?
-8
Let l(s) = 5*s**2 + 436*s + 521. Determine l(-86).
5
Let k(y) = -y**2 + 51. What is k(-15)?
-174
Let t(l) = 2*l**2 - 56*l + 113. What is t(26)?
9
Let o(b) = -b**3 + 3*b**2 + 12*b - 8. What is o(6)?
-44
Let s(i) = -i**2 - 31*i - 157. Give s(-21).
53
Let x(g) = 2*g**3 + 10*g**2 - 14*g + 11. Give x(-6).
23
Let u(r) = 53*r**2 + 39*r + 72. Determine u(-2).
206
Let p(o) = o**2 + 426*o + 1719. Calculate p(-4).
31
Let w(h) = -h**3 - 26*h**2 + 117*h + 65. What is w(-30)?
155
Let n(m) = 197*m + 2616. Determine n(-13).
55
Let o(n) = -392*n - 17637. Calculate o(-45).
3
Let h(n) = -7*n - 179. What is h(-33)?
52
Let t(v) = v**2 - 104*v + 286. Give t(3).
-17
Let p(t) = 3*t + 119. Calculate p(3).
128
Let v(c) = -c**2 + 4*c + 32. Give v(9).
-13
Let z(l) = 151*l - 1232. Calculate z(10).
278
Let j(n) = 94*n - 664. Give j(7).
-6
Let i(a) = -101*a + 2034. Give i(21).
-87
Let q(g) = g**3 - 13*g**2 + 11*g - 140. Give q(13).
3
Let i(k) = k**3 - k**2 - 2*k + 10. Determine i(-3).
-20
Let t(m) = -m**2 + 36*m - 69. Determine t(13).
230
Let o(x) = -2*x**3 - 77*x**2 - 113*x - 35. What is o(-37)?
39
Let d(i) = 3*i**2 - 47*i + 8. Calculate d(8).
-176
Let f(s) = -19*s + 8. Give f(2).
-30
Let h(z) = -70*z - 189. Calculate h(-3).
21
Let s(l) = -l**2 + 99*l - 1059. Calculate s(12).
-15
Let d(a) = 439*a**3 - 167*a**2 - 168*a - 2. What is d(-1)?
-440
Let x(f) = -42*f**2 - 467*f - 74. What is x(-11)?
-19
Let n(u) = u**3 + 3*u**2 - 93*u - 424. Determine n(-5).
-9
Let n(w) = -4*w**3 + 112*w**2 - 585*w - 57. Give n(21).
6
Let j(k) = k**3 - 34*k**2 + 153*k - 25. Calculate j(29).
207
Let a(v) = 1496*v - 41883. Give a(28).
5
Let v(w) = 719*w + 1427. Calculate v(-2).
-11
Let m(s) = 5*s**2 + 53*s + 25. Determine m(-10).
-5
Let d(a) = 2*a**3 + 12*a**2 - 39*a - 55. Determine d(-8).
1
Let x(i) = 204*i - 603. Determine x(3).
9
Let z(m) = -16*m**2 - 105*m - 612. Calculate z(-6).
-558
Let r(s) = -851*s + 24642. Determine r(29).
-37
Let u(o) = -630*o - 3134. What is u(-5)?
16
Let m(a) = -4962*a - 4964. Calculate m(-1).
-2
Let m(k) = 36*k**2 - k + 1. Determine m(-2).
147
Let k(b) = -48*b + 1787. Determine k(37).
11
Let v(z) = -z**2 + 120*z - 1491. Calculate v(106).
-7
Let b(d) = 2*d**3 - 70*d**2 + 3*d - 106. What is b(35)?
-1
Let g(y) = -2*y**3 + 16*y**2 - 12*y + 8. Give g(6).
80
Let r(t) = t**2 + 69*t + 604. Determine r(-59).
14
Let h(r) = -r**2 - 65*r - 822. Determine h(-18).
24
Let x(s) = -s**3 - 19*s**2 - 40*s - 1199. What is x(-20)?
1
Let w(q) = -q**2 - 20*q - 74. What is w(-6)?
10
Let k(j) = 3*j**3 + 86*j**2 + 440*j + 5. Calculate k(-22).
5
Let k(m) = -2*m**3 - 65*m**2 - 372*m + 81. Give k(-25).
6
Let b(l) = 2*l**3 - 35*l**2 + 15*l + 16. Calculate b(17).
-18
Let o(t) = -t**3 - 34*t**2 + 37*t - 15. What is o(-35)?
-85
Let h(c) = 19*c - 248. Give h(36).
436
Let f(x) = x**3 - 3*x**2 + 24*x - 124. Determine f(5).
46
Let i(r) = -2*r**2 - 88*r - 389. What is i(-49)?
-879
Let m(l) = -62*l + 75. What is m(1)?
13
Let m(h) = -h**3 - 2*h**2 + 204*h + 19. What is m(-16)?
339
Let p(y) = -y**3 - 7*y**2 + 8*y - 7. Calculate p(-9).
83
Let d(a) = -28*a**2 - 1735*a + 81. Determine d(-62).
19
Let n(v) = 2*v**3 + v**2 - 2*v + 389. Give n(0).
389
Let d(s) = -18*s + 22. Determine d(0).
22
Let f(i) = i**2 - 465*i + 26066. Calculate f(65).
66
Let g(s) = s**2 - 21*s + 12. Calculate g(24).
84
Let l(s) = s**3 - 15*s**2 - 157*s + 42. Determine l(22).
-24
Let z(i) = -142*i - 704. Give z(-5).
6
Let r(z) = -43*z - 3611. What is r(-84)?
1
Let h(c) = -c**3 + 20*c**2 - 61*c - 390. Give h(13).
0
Let d(k) = 3*k**3 + 25*k**2 - 4*k + 3. Give d(-8).
99
Let w(u) = 62*u + 282. Give w(-5).
-28
Let u(i) = 39*i - 610. What is u(15)?
-25
Let h(x) = x**3 + 39*x**2 - 35*x + 223. Give h(-40).
23
Let h(m) = m**2 - 55*m + 451. What is h(45)?
1
Let h(k) = k**2 + 69*k + 1181. Determine h(-37).
-3
Let m(l) = 2*l**2 - 51*l + 394. Give m(9).
97
Let t(a) = -a**3 - 39*a**2 - 5*a. Calculate t(-39).
195
Let s(n) = n**3 - 14*n**2 + 38*n + 41. Give s(6).
-19
Let u(m) = -42*m - 494. Determine u(-12).
10
Let i(x) = -8032*x + 8024. Determine i(1).
-8
Let p(u) = 2*u**2 + 31*u - 96. Calculate p(-18).
-6
Let b(i) = 21*i**2 + 4*i - 3. Give b(-5).
502
Let z(l) = -2*l**2 - 29*l + 120. Give z(-19).
-51
Let c(i) = i**3 + 25*i**2 - 895*i + 235. What is c(-45)?
10
Let f(w) = 1786*w**2 + 7137*w + 9. Give f(-4).
37
Let q(c) = -c**3 - 47*c**2 - 184*c - 140. Determine q(-43).
376
Let f(x) = -x**3 - 29*x**2 - 308*x - 7826. Give f(-28).
14
Let w(j) = 3*j**2 + 81*j - 817. Calculate w(9).
155
Let n(r) = 14*r - 81. Determine n(-6).
-165
Let y(m) = 2773*m - 19417. Determine y(7).
-6
Let k(v) = -3*v**2 + 149*v + 3784. Give